ive of 3*d**2/2 + 72*d + 18. Let v be t(-12). Suppose 78 = 3*g - v. What is the remainder when g is divided by 13?
12
Let j(p) = -p**3 - p**2 + p + 3. Let x be j(-4). Let q be (-2)/1 + x + 2. Suppose -11 = 2*z - q. What is the remainder when 71 is divided by z?
17
What is the remainder when 3795 is divided by -2 - -24 - 44/(-11)?
25
Let f(c) = 87*c**2 - 115*c + 551. What is the remainder when f(5) is divided by 90?
81
Let h(x) = x**3 - 21*x**2 + 71*x - 37. Suppose 12*d - 212 = 8*d. What is the remainder when d is divided by h(17)?
11
Let b(d) = -d**2 + 16*d - 28. Let s be b(14). Suppose -7*j + 82 + 51 = s. Calculate the remainder when 74 is divided by j.
17
What is the remainder when (-1838)/(-14) + (-4)/14 is divided by 11*(4 + 0) - (80 - 70)?
29
Suppose 745 = 24*b + 121. Suppose j = 326 - 15. What is the remainder when j is divided by b?
25
Let t = 11875 - 11578. What is the remainder when t is divided by 149?
148
Suppose -5*y = -5, 10*d - 3*y = 12*d - 777. Let q = d + 223. What is the remainder when q is divided by 51?
49
Suppose 4*o + 3898 = 5*j, -j = -2*j - 4*o + 770. Calculate the remainder when j is divided by 318/(-424) + -27*9/(-4).
58
Let j = 156 + -151. Suppose 0*r + d + 853 = j*r, -3*r + d + 513 = 0. Calculate the remainder when r is divided by 57.
56
Suppose 6*p - 13 = -1. Suppose -2*w - p*f - 4 = 0, -2*w - 5*f = w + 14. Suppose w*y + 18 = 28. What is the remainder when 16 is divided by y?
1
Suppose 8*j + 18 = 5*j, 98049 = 5*w + j. Calculate the remainder when w is divided by 42.
39
Let q = -20 + 6. Let o = -22 + q. Let w = o - -54. Calculate the remainder when 87 is divided by w.
15
Suppose 0 = 24*y + 33*y - 70954 - 255599. What is the remainder when y is divided by 191?
190
Suppose -92 = 18*g + 28*g. Calculate the remainder when 169 is divided by (11 + 25/g)*(1 + -27).
13
Let o = -10408 - -10817. Calculate the remainder when 832 is divided by o.
14
Let d(b) = -725*b + 9675. Calculate the remainder when 1067 is divided by d(13).
67
Let m be (5/(-2) + 3)*(-4 - 0). Let x = -17 - -28. What is the remainder when (252/(-30))/(m/5) is divided by x?
10
Let s be 4/4 + 3 - 117. Let q = s - -117. Calculate the remainder when 134 is divided by (-6)/9*(-204)/q.
32
Suppose -289 = -46*n + 45*n - 4*c, 0 = -n + 5*c + 253. Calculate the remainder when n is divided by 20.
13
Let q(d) = 2*d**2 - 3*d - 21. Suppose 4 + 26 = 5*c. Let i = 17 + 1. What is the remainder when q(c) is divided by i?
15
Suppose -22 = -8*m - 46. What is the remainder when 504 is divided by (m/6 - 27/(-2))/1?
10
Let r(j) = -48*j - 18. Let o = 74 + -76. Calculate the remainder when 310 is divided by r(o).
76
Let s(a) = a**2 + 17*a + 32. Let k be s(-14). Let m be (3 + 14/(-2))/(1/k). What is the remainder when 21 is divided by 63/5 - (144/m + -3)?
9
Let g(u) = 53*u**2 + 232*u + 49. What is the remainder when g(5) is divided by 1262?
10
Let m(z) = -17*z - 9 - 10*z + 3*z**2 + 50 + 6*z**2 + 15*z. Calculate the remainder when m(5) is divided by 53.
47
Suppose -5 = 5*c + 10. Suppose 0 = -137*g + 136*g + 10. What is the remainder when (c - -120)*(-3)/(-3) is divided by g?
7
Let d be (-7)/14 - (-78)/12. What is the remainder when d/33 - 8955/(-55) is divided by 33?
31
Let l be (-2)/6*-6*1. Suppose 5*o - 8*s + 13*s = 215, l*o - 4*s = 92. Calculate the remainder when 394 is divided by o.
42
Let w(o) = 175*o**2 + 15*o + 16. What is the remainder when w(-1) is divided by 62?
52
Let j = 9679 + -9516. What is the remainder when 6354 is divided by j?
160
Suppose 370 = i + 71*s - 68*s, 0 = 3*s + 12. What is the remainder when i is divided by 24?
22
Suppose 50*r = 41*r + 54. Calculate the remainder when 18 is divided by ((-15)/r)/((-13)/78).
3
Suppose l = f - 770 - 70, -5*l = -f + 868. Calculate the remainder when f is divided by 206.
9
Suppose -2*u = -v + 13, 4*v - 20 = -v + u. Suppose 0 = y - v. Let r = -729 + 740. Calculate the remainder when r is divided by y.
2
Let w(s) = -36*s**2 + 145*s - 406. Let q(k) = -7*k**2 + 29*k - 80. Let x(u) = -11*q(u) + 2*w(u). What is the remainder when 213 is divided by x(5)?
21
Suppose -179*j - 318465 = -494*j. What is the remainder when j is divided by 39?
36
Let k = 256 - 237. Let d(i) = -2*i**2 + 3*i**2 + 9*i - 3 - 2*i + 3*i. What is the remainder when k is divided by d(-11)?
3
Let i = 2333 - 2188. Calculate the remainder when 2029 is divided by i.
144
Suppose -33*t = -34*t - 5, 0 = 4*j + 5*t - 8759. Calculate the remainder when j is divided by 55.
51
What is the remainder when 94 is divided by (-4 - -13) + -20 + 79?
26
Let b(h) = -2*h + 9. Let i = 4332 - 4228. What is the remainder when i is divided by b(-7)?
12
Let s(z) = -3*z**2 + z - 2. Suppose 14 = -3*j + 8. Let p(w) = 4*w**2 - 2*w + 2. Let a(v) = j*p(v) - 3*s(v). Calculate the remainder when 16 is divided by a(-2).
0
Let k(a) = -221 + 89 - 2*a + 256. What is the remainder when k(14) is divided by 27?
15
Suppose -8*p - 10*p + 5*p = 0. Suppose -2*q = 3*q - 15, p = 5*l + 5*q + 35. Calculate the remainder when (-1)/(-2) + ((-945)/l - 3) is divided by 19.
16
Let i be 4/22 - (-64)/11. Calculate the remainder when ((5/(-2))/(-5))/(24/912) is divided by (0/(-4) - 0) + i.
1
Suppose -2*b = 0, l - 3*b - 343 = -7*b. Calculate the remainder when l is divided by 41.
15
Suppose -8*k - 58 = 70. Calculate the remainder when 9 is divided by 1/8 + (-126)/k.
1
What is the remainder when 1479 is divided by 1*(-23)/(460/(-260))?
10
Let r = 574 - 401. Suppose 3*d - 68 = t + r, t - 233 = -3*d. Calculate the remainder when d is divided by 5.
4
Suppose -75*z + 5034 - 1362 = -828. Calculate the remainder when z is divided by 22.
16
What is the remainder when ((-222840)/(-225))/((-4)/(-10)) is divided by 59?
57
Suppose b + 412 = 3*k + 2*k, -6*k + 5*b = -483. Calculate the remainder when k is divided by 24/(-1)*(-2)/4.
11
Let l(c) = c**2 - 8*c. Let y be l(6). Suppose 120 = -15*x + 25*x. Calculate the remainder when 59/3 + 8/y is divided by x.
7
Let f be (585/26)/(6/32). Let d = 189 - f. Calculate the remainder when d is divided by 15 + (-4 + 3 - 2).
9
Calculate the remainder when 440 is divided by (102/1)/2 + (-1610)/(-805).
16
Suppose 2050 = 22*f - 7432. Let d = 541 - f. What is the remainder when d is divided by 57?
53
Let o(x) = 17*x + 58. Let d be o(-3). Suppose -4*j - d - 9 = 0, -3*q = j - 203. What is the remainder when q is divided by 14?
13
Suppose 3*h - 3*a = 24, 9*h - a - 13 = 7*h. Suppose 18*n - 208 = h*n. What is the remainder when 62 is divided by n?
14
Suppose 0 = 14*j + 51 - 23. Let p(c) = -4*c**3 + 3*c + 4. Calculate the remainder when 263 is divided by p(j).
23
Let y(s) = -s**2 - 4 - 8*s + 3 + 8. Suppose -18 = 5*p - 4*m, -3 = p + 2*m - 3*m. Calculate the remainder when 150 is divided by y(p).
17
Let z(s) = -4 + s - 13*s + 6*s + 3*s**2 - 2*s**2 + 9*s. What is the remainder when z(6) is divided by 3?
2
Let u(s) = -5*s - 7*s**2 + 6*s - 6*s**2 + 29*s - 7 + 15*s**2. What is the remainder when 76 is divided by u(-16)?
1
Let n = 233 + -457. Let t = n + 330. Calculate the remainder when t is divided by 32.
10
Let k(m) = 3*m**2 + 38*m + 14. Let o be k(-13). Calculate the remainder when 124 is divided by (-6)/o + 3112/72.
38
Let d(t) = 15*t**2 - 29*t + 28. Let h be d(1). Suppose -572 = -4*b - 2*s, 3*b - 406 = 3*s + h. Calculate the remainder when b is divided by 6.
4
Suppose -5*c + 45 = r + 4*r, r - 5 = 0. Suppose -308 = -3*s + c*b, 2*s - 172 = -b - 3*b. Suppose s = 2*x + 40. Calculate the remainder when 111 is divided by x.
27
Let y(b) be the first derivative of b**3/3 + b**2/2 - 7*b - 2. Let x be y(4). Suppose x*t - 10 = 11*t. What is the remainder when 16 is divided by t?
1
Let h be 8 - (3 + 2 + -4). Let k(a) = a**3 - 9*a**2 + 20*a - 9. What is the remainder when 129 is divided by k(h)?
30
Let i(h) = 2*h - 1. Calculate the remainder when (-45)/30*(-2970)/81 is divided by i(4).
6
Let c(q) = -q**2 - 106*q + 4441. Calculate the remainder when 80 is divided by c(32).
5
Let n(g) = -15*g - 145. Let k be n(-10). Suppose k*d = v + 9*d - 10, 0 = 3*d + 6. Calculate the remainder when 341 is divided by v.
17
Suppose 166 = -7*x + 285. Suppose 0 = 14*y - 26*y + 396. Calculate the remainder when y is divided by x.
16
What is the remainder when 1602 is divided by (-2 - 1 - -86) + 30 + -43?
62
Suppose -1434 - 5733 + 867 = -63*q.